
What is the hundreds digit of 13522?
5
What is the thousands digit of 1214?
1
What is the units digit of 561?
1
What is the tens digit of 1042?
4
What is the thousands digit of 105545?
5
What is the ten thousands digit of 58165?
5
What is the hundreds digit of 199988?
9
What is the thousands digit of 12467?
2
What is the hundreds digit of 426?
4
What is the ten thousands digit of 11250?
1
What is the tens digit of 66?
6
What is the tens digit of 145866?
6
What is the tens digit of 75156?
5
What is the units digit of 1984?
4
What is the units digit of 2521?
1
What is the tens digit of 252?
5
What is the tens digit of 13701?
0
What is the units digit of 2209?
9
What is the hundreds digit of 7077?
0
What is the thousands digit of 1642?
1
What is the thousands digit of 2634?
2
What is the units digit of 9073?
3
What is the thousands digit of 1775?
1
What is the hundreds digit of 1943?
9
What is the thousands digit of 1274?
1
What is the tens digit of 3459?
5
What is the hundreds digit of 1082?
0
What is the ten thousands digit of 47908?
4
What is the tens digit of 68524?
2
What is the units digit of 3?
3
What is the units digit of 6172?
2
What is the units digit of 171357?
7
What is the units digit of 15281?
1
What is the hundreds digit of 2547?
5
What is the tens digit of 2216?
1
What is the units digit of 9080?
0
What is the units digit of 2837?
7
What is the ten thousands digit of 152371?
5
What is the hundreds digit of 456?
4
What is the units digit of 4928?
8
What is the thousands digit of 1256?
1
What is the thousands digit of 139665?
9
What is the units digit of 2637?
7
What is the hundreds digit of 23147?
1
What is the tens digit of 10334?
3
What is the tens digit of 16241?
4
What is the ten thousands digit of 34963?
3
What is the units digit of 1354?
4
What is the hundreds digit of 2980?
9
What is the thousands digit of 2799?
2
What is the thousands digit of 114705?
4
What is the units digit of 5168?
8
What is the units digit of 2817?
7
What is the thousands digit of 115572?
5
What is the thousands digit of 16574?
6
What is the thousands digit of 4483?
4
What is the hundreds digit of 3519?
5
What is the thousands digit of 12801?
2
What is the units digit of 1642?
2
What is the tens digit of 75?
7
What is the units digit of 1461?
1
What is the thousands digit of 43460?
3
What is the hundreds digit of 25276?
2
What is the ten thousands digit of 49749?
4
What is the hundreds digit of 2584?
5
What is the ten thousands digit of 29430?
2
What is the units digit of 199?
9
What is the thousands digit of 3622?
3
What is the units digit of 10824?
4
What is the tens digit of 1655?
5
What is the tens digit of 1532?
3
What is the tens digit of 12250?
5
What is the tens digit of 1242?
4
What is the tens digit of 39?
3
What is the ten thousands digit of 41503?
4
What is the thousands digit of 1915?
1
What is the tens digit of 693?
9
What is the units digit of 22103?
3
What is the tens digit of 66?
6
What is the tens digit of 23?
2
What is the hundreds digit of 637?
6
What is the hundreds digit of 1653?
6
What is the tens digit of 16494?
9
What is the thousands digit of 93306?
3
What is the units digit of 4?
4
What is the units digit of 18161?
1
What is the units digit of 711?
1
What is the ten thousands digit of 23214?
2
What is the tens digit of 127922?
2
What is the units digit of 6157?
7
What is the tens digit of 4323?
2
What is the hundreds digit of 326?
3
What is the thousands digit of 4456?
4
What is the units digit of 379?
9
What is the thousands digit of 82856?
2
What is the units digit of 427?
7
What is the units digit of 195?
5
What is the ten thousands digit of 67384?
6
What is the thousands digit of 1236?
1
What is the hundreds digit of 816?
8
What is the tens digit of 36518?
1
What is the units digit of 943?
3
What is the tens digit of 5775?
7
What is the ten thousands digit of 47180?
4
What is the thousands digit of 25911?
5
What is the tens digit of 92557?
5
What is the tens digit of 4251?
5
What is the tens digit of 46942?
4
What is the tens digit of 13398?
9
What is the tens digit of 61?
6
What is the hundreds digit of 332?
3
What is the hundreds digit of 44917?
9
What is the tens digit of 13593?
9
What is the thousands digit of 8728?
8
What is the hundreds digit of 53313?
3
What is the tens digit of 1795?
9
What is the hundreds digit of 38220?
2
What is the tens digit of 20031?
3
What is the tens digit of 143659?
5
What is the tens digit of 45932?
3
What is the units digit of 2021?
1
What is the hundreds digit of 41420?
4
What is the thousands digit of 50186?
0
What is the tens digit of 8456?
5
What is the thousands digit of 2286?
2
What is the units digit of 106001?
1
What is the units digit of 948?
8
What is the tens digit of 9233?
3
What is the tens digit of 160944?
4
What is the units digit of 1196?
6
What is the units digit of 9458?
8
What is the tens digit of 3030?
3
What is the hundreds digit of 2989?
9
What is the thousands digit of 1436?
1
What is the thousands digit of 52016?
2
What is the tens digit of 1728?
2
What is the tens digit of 1018?
1
What is the thousands digit of 39410?
9
What is the ten thousands digit of 81570?
8
What is the tens digit of 5207?
0
What is the thousands digit of 8597?
8
What is the tens digit of 892?
9
What is the thousands digit of 12312?
2
What is the units digit of 167?
7
What is the thousands digit of 6244?
6
What is the tens digit of 1325?
2
What is the hundreds digit of 19247?
2
What is the units digit of 766?
6
What is the units digit of 55598?
8
What is the tens digit of 31?
3
What is the thousands digit of 18321?
8
What is the hundreds digit of 3079?
0
What is the tens digit of 1854?
5
What is the hundreds digit of 102517?
5
What is the units digit of 10839?
9
What is the units digit of 434?
4
What is the tens digit of 799?
9
What is the units digit of 8075?
5
What is the ten thousands digit of 21959?
2
What is the thousands digit of 2604?
2
What is the units digit of 11104?
4
What is the hundreds digit of 44189?
1
What is the hundreds digit of 192?
1
What is the tens digit of 3126?
2
What is the units digit of 9836?
6
What is the tens digit of 3446?
4
What is the thousands digit of 114432?
4
What is the hundreds digit of 332?
3
What is the thousands digit of 15573?
5
What is the tens digit of 29766?
6
What is the tens digit of 48?
4
What is the thousands digit of 4334?
4
What is the units digit of 5868?
8
What is the hundreds digit of 565?
5
What is the tens digit of 3495?
9
What is the units digit of 1643?
3
What is the units digit of 2267?
7
What is the thousands digit of 35697?
5
What is the units digit of 4340?
0
What is the thousands digit of 4326?
4
What is the units digit of 1311?
1
What is the units digit of 33817?
7
What is the tens digit of 86806?
0
What is the tens digit of 698?
9
What is the hundred thousands digit of 125965?
1
What is the units digit of 119993?
3
What is the thousands digit of 75819?
5
What is the tens digit of 504?
0
What is the tens digit of 352?
5
What is the hundreds digit of 709?
7
What is the tens digit of 51391?
9
What is the thousands digit of 3651?
3
What is the thousands digit of 7096?
7
What is the units digit of 211?
1
What is the tens digit of 203287?
8
What is the units digit of 782?
2
What is the hundreds digit of 8333?
3
What is the thousands digit of 38730?
8
What is the thousands digit of 82645?
2
What is the thousands digit of 8239?
8
What is the ten thousands digit of 22722?
2
What is the units digit of 7559?
9
What is the hundreds digit of 25497?
4
What is the units digit of 4092?
2
What is the tens digit of 638?
3
What is the thousands digit of 3825?
3
What is the thousands digit of 111425?
1
What is the ten thousands digit of 43509?
4
What is the units digit of 26819?
9
What is the tens digit of 3452?
5
What is the ten thousands digit of 15323?
1
What is the units digit of 15685?
5
What is the tens digit of 57152?
5
What is the hundreds digit of 2231?
2
What is the hundreds digit of 327?
3
What is the units digit of 1710?
0
What is the thousands digit of 3629?
3
What is the hundreds digit of 9074?
0
What is the tens digit of 232?
3
What is the thousands digit of 62532?
2
What is the hundreds digit of 142?
1
What is the tens digit